what is -8 + 4883?
4874
In base 4, what is 1213222303 - 0?
1213222303
In base 3, what is 20021 + 12211220210?
12212011001
In base 11, what is -8a696 + -1408?
-90aa3
In base 6, what is -31 + 21542433?
21542402
In base 6, what is -415 + 1301?
442
In base 15, what is b - -1d0707?
1d0713
In base 15, what is cda68 + 2e?
cda97
In base 12, what is -b09 + -14132a?
-142237
In base 5, what is -431114333000 - -3?
-431114332442
In base 3, what is 10110111121212 - -10101?
10110111202020
In base 10, what is 6 + 2019879?
2019885
In base 12, what is -23 - 346a1?
-34704
In base 7, what is 42 + 106543?
106615
In base 15, what is -5 - 201bb2d?
-201bb33
In base 8, what is 657404 - -23?
657427
In base 3, what is 10 - 2212120111020?
-2212120111010
In base 12, what is 84276a + -13?
842757
In base 15, what is -2a1 + 21e?
-82
In base 2, what is -101100100101011000100100 + -100?
-101100100101011000101000
In base 13, what is 8ca78 + -4b2?
8c596
In base 15, what is 87 - 93313?
-9327b
In base 11, what is -38436 - 2982?
-40308
In base 14, what is -595bdda + 4?
-595bdd6
In base 11, what is -6 + 11142a46?
11142a40
In base 10, what is -54158 - 43?
-54201
In base 14, what is -16 - -bdd91?
bdd79
In base 12, what is -33b59276 - 3?
-33b59279
In base 12, what is 173453 - 9?
173446
In base 14, what is -15 - 1d28427?
-1d2843c
In base 2, what is 10 - -1010000110110011011000100?
1010000110110011011000110
In base 7, what is 2331 + -31400?
-26036
In base 8, what is -1353506 - -51?
-1353435
In base 14, what is 403 + -2dd9?
-29d6
In base 9, what is 5 + -4715446?
-4715441
In base 3, what is 1002102111001 + -12?
1002102110212
In base 14, what is -c5b4 - 528?
-cadc
In base 10, what is 11275 + 11898?
23173
In base 4, what is -203310132333322 - 2?
-203310132333330
In base 11, what is 31 + -aa7031?
-aa7000
In base 12, what is 7486 + 567?
7a31
In base 9, what is 271 + -2215721?
-2215440
In base 14, what is -25770b8 + 0?
-25770b8
In base 16, what is -4 - 155fb?
-155ff
In base 6, what is -4 - 1114352220?
-1114352224
In base 5, what is 12412214440 - -1?
12412214441
In base 5, what is 12042 + 2233?
14330
In base 8, what is -43051371 + -1?
-43051372
In base 6, what is -3 + 1342445350?
1342445343
In base 9, what is 1011555 + 280?
1011845
In base 13, what is -515065 - -4?
-515061
In base 8, what is -571421540 - -4?
-571421534
In base 5, what is -31301331 + 1140?
-31300141
In base 15, what is 2 + -17bc140?
-17bc13d
In base 15, what is 5 + -301d43?
-301d3d
In base 8, what is 7 + 6202510?
6202517
In base 12, what is 1a7 + 80720?
80907
In base 6, what is 10 - -10045104115?
10045104125
In base 10, what is -15 - -131094457?
131094442
In base 12, what is 2535 + 65a8?
8b21
In base 5, what is 2210 + 23431410?
23434120
In base 2, what is 10100010 + -110010101011110001?
-110010101001001111
In base 4, what is -11 + -12333001233112?
-12333001233123
In base 16, what is -5 + 537e86?
537e81
In base 4, what is -2201000 - 32102?
-2233102
In base 6, what is 1301322 - 51?
1301231
In base 10, what is 239 + 1598304?
1598543
In base 7, what is -152 + -305110?
-305262
In base 7, what is 3506 - 5135?
-1326
In base 6, what is 1335535 - -55405?
1435344
In base 6, what is -3 - -14552532142?
14552532135
In base 3, what is 12121201 - 20101110?
-202202
In base 6, what is 440540031 + 5?
440540040
In base 7, what is 150 - -243522?
244002
In base 14, what is 99164 - 1135?
9802d
In base 12, what is -99 - -1309?
1230
In base 10, what is 1432038 - 2?
1432036
In base 15, what is -3dc8d - -878?
-3d415
In base 3, what is 11 - -11111021202211211?
11111021202211222
In base 10, what is 257367 + -1?
257366
In base 11, what is -6a72218 + 1?
-6a72217
In base 8, what is 5 + -1565166700?
-1565166673
In base 5, what is 10144110212 - 3?
10144110204
In base 13, what is 3 + -58457a4?
-58457a1
In base 2, what is -11100111001110010001111110 + -101?
-11100111001110010010000011
In base 4, what is -22212 - 1120000211?
-1120023023
In base 16, what is -4 - bd6b59b?
-bd6b59f
In base 11, what is -3129866 - 81?
-3129937
In base 8, what is -540565465 - 3?
-540565470
In base 4, what is -11003131200 + -303?
-11003132103
In base 12, what is 3120 - 4a19?
-18b9
In base 7, what is -205406364 + -1?
-205406365
In base 9, what is 158 - 11605411?
-11605242
In base 3, what is -11021110 + -11101121010?
-11112212120
In base 3, what is 200001222 - 101111?
122200111
In base 14, what is 4 + -308c5c69?
-308c5c65
In base 16, what is -7834 - 5b9?
-7ded
In base 12, what is -51540 - 130b?
-5284b
In base 6, what is -104230324 + 33?
-104230251
In base 14, what is -3ad - 2c04?
-31b3
In base 16, what is 12d - -c2c?
d59
In base 4, what is 300013322 + 2031?
300022013
In base 11, what is -492 + -4901?
-5293
In base 4, what is -2010 - 11201103?
-11203113
In base 6, what is 30414 - -10221?
41035
In base 9, what is 3 + 8577541?
8577544
In base 3, what is -1220010 - -2020111201?
2011121121
In base 13, what is 772351a - 2?
7723518
In base 2, what is 110010000000 - -11101100110000?
100011110110000
In base 8, what is 5 + -16313701?
-16313674
In base 10, what is -6049 + 3365?
-2684
In base 7, what is -16653 + -330410?
-350363
In base 2, what is 0 + -1001001010110010100110111?
-1001001010110010100110111
In base 14, what is -55d497 - 5?
-55d49c
In base 8, what is -26 - 320044?
-320072
In base 9, what is 12 - 664553?
-664541
In base 11, what is 10073aa8 - 5?
10073aa3
In base 4, what is 3 + 31201130323?
31201130332
In base 16, what is ea253b + -5?
ea2536
In base 12, what is -54729 - 612?
-5513b
In base 16, what is d - -feae?
febb
In base 12, what is -1677b5 + -7?
-167800
In base 14, what is -1 + 1d7261?
1d7260
In base 16, what is -10a6c - -5?
-10a67
In base 11, what is -14283 + -3690a?
-50092
In base 4, what is -310 + -2113023112?
-2113030022
In base 12, what is -3 - 2027201?
-2027204
In base 7, what is 111603653 - 3?
111603650
In base 3, what is 121010201020200 - -100?
121010201021000
In base 3, what is 10222101000202 + -11?
10222101000121
In base 9, what is -4565576088 + 0?
-4565576088
In base 3, what is -1001102001222211220 - 0?
-1001102001222211220
In base 9, what is 5 - -246187027?
246187033
In base 14, what is -4 + -64404b?
-644051
In base 10, what is -6106843 - 47?
-6106890
In base 12, what is 432685 + -7?
43267a
In base 16, what is b22a + 532?
b75c
In base 16, what is -5 + 14d8ed3?
14d8ece
In base 8, what is -4600444 - -23?
-4600421
In base 5, what is 10 + -14040300112?
-14040300102
In base 2, what is -11001111111011111000100 - -11010?
-11001111111011110101010
In base 16, what is -4812 - 1?
-4813
In base 15, what is 1 + 17ec48?
17ec49
In base 7, what is -10121161112 + 0?
-10121161112
In base 2, what is 11001011011011100010011100 - -11?
11001011011011100010011111
In base 8, what is 2274606 - 0?
2274606
In base 4, what is 3 + 133322033300?
133322033303
In base 10, what is -801948 - 1?
-801949
In base 3, what is -12020012222210 - -1?
-12020012222202
In base 10, what is -34 - 8715978?
-8716012
In base 2, what is 100110001011111001 + -11111111?
100110000111111010
In base 4, what is -222 - -103123100?
103122212
In base 14, what is 5b0 + 1539c?
1596c
In base 6, what is 210040152401 - 2?
210040152355
In base 7, what is -2203 + -62143?
-64346
In base 6, what is 111335131 + 3?
111335134
In base 10, what is 23350 + 2790?
26140
In base 2, what is 10011 - -101000101001100100100?
101000101001100110111
In base 5, what is 34310 - 220334?
-131024
In base 6, what is 2220334414 + -10?
2220334404
In base 13, what is -230 - 19269?
-19499
In base 6, what is -2110 + 315000?
312450
In base 3, what is 20002211202022 - -2?
20002211202101
In base 11, what is -16 - -1111295a?
11112944
In base 10, what is 1 + -6227048?
-6227047
In base 15, what is 3e09 + -924a?
-5341
In base 10, what is -25331 + 4816?
-20515
In base 4, what is -10 - 12332013031?
-12332013101
In base 14, what is 85 - 23029d?
-230218
In base 16, what is b8cc4 + -3?
b8cc1
In base 4, what is 21022101103120 + -3?
21022101103111
In base 4, what is -31000222 + -10201?
-31011023
In base 11, what is -25 - -729663?
729639
In base 2, what is 1101 + 100011111000001010101?
100011111000001100010
In base 14, what is -2 + 6456c86?
6456c84
In base 14, what is 89103 - 414?
88acd
In base 12, what is -7482a3 - -52?
-748251
In base 2, what is -100011 - -1100011100111010110